{"id":360,"date":"2019-09-09T15:48:12","date_gmt":"2019-09-09T14:48:12","guid":{"rendered":"http:\/\/arsligneadriatica.uniri.hr\/?page_id=360"},"modified":"2020-04-06T13:05:56","modified_gmt":"2020-04-06T12:05:56","slug":"mediji-o-nama","status":"publish","type":"page","link":"https:\/\/arsligneadriatica.uniri.hr\/?page_id=360","title":{"rendered":"Mediji o nama"},"content":{"rendered":"<p><strong>Aktivnosti projekta&nbsp;<em>Ars Lignea Adriatica Drvorezbarska umjetni\u010dka ba\u0161tina sjevernog Jadrana od 1300. do 1600. godine&nbsp;<\/em>popra\u0107ene su u sljede\u0107im medijima:<\/strong><\/p>\n<p><a href=\"https:\/\/www.cetinjskilist.com\/index.php\/kultura\/item\/5169-otvorene-poster-izlozbe-stoljece-arheoloskih-istrazivanja-u-rijeci-i-art-lignea-adriatica-video\" target=\"_blank\" rel=\"noopener noreferrer\"><strong>Otvorenje poster-izlo\u017ebe \u201eStolje\u0107e arheolo\u0161kih istra\u017eivanja u Rijeci\u201c i \u201eArs lignea Adriatica\u201c<\/strong><\/a><\/p>\n<p><iframe title=\"RTV Cetinje - Poster - izlo\u017ebe &quot;Stolje\u0107e arheolo\u0161kih istra\u017eivanja u Rijeci&quot; i &quot;Art Lignea adriatica&quot;\" width=\"584\" height=\"329\" src=\"https:\/\/www.youtube.com\/embed\/CRxGkpt-IGM?feature=oembed\" frameborder=\"0\" allow=\"accelerometer; autoplay; encrypted-media; gyroscope; picture-in-picture\" allowfullscreen><\/iframe><\/p>\n<p><a href=\"https:\/\/www.fiuman.hr\/rijecki-kulturni-programi-u-crnoj-gori\/\" target=\"_blank\" rel=\"noopener noreferrer\"><strong>Rije\u010dki kulturni programi u Crnoj Gori &#8211; Fiuman.hr<\/strong><\/a><\/p>\n<h1 class=\"pv_l\"><a href=\"https:\/\/www.mojarijeka.hr\/kultura\/rijecki-kulturni-programi-u-crnoj-gori\/\" target=\"_blank\" rel=\"noopener noreferrer\">Rije\u010dki kulturni programi u Crnoj Gori &#8211; Moja Rijeka<\/a><\/h1>\n<p><a href=\"http:\/\/www.ffri.uniri.hr\/hr\/naslovnica\/2-uncategorised\/2113-gostovanje-izlozbi-katedre-za-umjetnost-starog-i-srednjeg-vijeka-odsjeka-za-povijest-umjetnosti-filozofskog-fakulteta-u-rijeci-u-crnoj-gori.html\" target=\"_blank\" rel=\"noopener noreferrer\"><strong>Gostovanje izlo\u017ebi Katedre za umjetnost starog i srednjeg vijeka, Odsjeka za povijest umjetnosti, Filozofskog fakulteta u Rijeci u Crnoj Gori &#8211; FFRI Vijesti<\/strong><\/a><\/p>\n<p>&nbsp;<\/p>\n","protected":false},"excerpt":{"rendered":"<p>Aktivnosti projekta&nbsp;Ars Lignea Adriatica Drvorezbarska umjetni\u010dka ba\u0161tina sjevernog Jadrana od 1300. do 1600. godine&nbsp;popra\u0107ene su u sljede\u0107im medijima: Otvorenje poster-izlo\u017ebe \u201eStolje\u0107e arheolo\u0161kih istra\u017eivanja u Rijeci\u201c i \u201eArs lignea Adriatica\u201c Rije\u010dki kulturni programi u Crnoj Gori &#8211; Fiuman.hr Rije\u010dki kulturni programi &hellip; <a href=\"https:\/\/arsligneadriatica.uniri.hr\/?page_id=360\">Nastavi \u010ditati <span class=\"meta-nav\">&rarr;<\/span><\/a><\/p>\n","protected":false},"author":2,"featured_media":0,"parent":0,"menu_order":0,"comment_status":"closed","ping_status":"closed","template":"showcase.php","meta":{"ngg_post_thumbnail":0},"_links":{"self":[{"href":"https:\/\/arsligneadriatica.uniri.hr\/index.php?rest_route=\/wp\/v2\/pages\/360"}],"collection":[{"href":"https:\/\/arsligneadriatica.uniri.hr\/index.php?rest_route=\/wp\/v2\/pages"}],"about":[{"href":"https:\/\/arsligneadriatica.uniri.hr\/index.php?rest_route=\/wp\/v2\/types\/page"}],"author":[{"embeddable":true,"href":"https:\/\/arsligneadriatica.uniri.hr\/index.php?rest_route=\/wp\/v2\/users\/2"}],"replies":[{"embeddable":true,"href":"https:\/\/arsligneadriatica.uniri.hr\/index.php?rest_route=%2Fwp%2Fv2%2Fcomments&post=360"}],"version-history":[{"count":4,"href":"https:\/\/arsligneadriatica.uniri.hr\/index.php?rest_route=\/wp\/v2\/pages\/360\/revisions"}],"predecessor-version":[{"id":610,"href":"https:\/\/arsligneadriatica.uniri.hr\/index.php?rest_route=\/wp\/v2\/pages\/360\/revisions\/610"}],"wp:attachment":[{"href":"https:\/\/arsligneadriatica.uniri.hr\/index.php?rest_route=%2Fwp%2Fv2%2Fmedia&parent=360"}],"curies":[{"name":"wp","href":"https:\/\/api.w.org\/{rel}","templated":true}]}}